{"id":260,"date":"2020-04-03T14:06:01","date_gmt":"2020-04-03T12:06:01","guid":{"rendered":"http:\/\/www.fassl-dl.com\/?page_id=260"},"modified":"2023-12-05T09:41:59","modified_gmt":"2023-12-05T07:41:59","slug":"sondermaschinen","status":"publish","type":"page","link":"https:\/\/www.fassl-dl.com\/?page_id=260","title":{"rendered":"Schraubenzuf\u00fchrungen"},"content":{"rendered":"\n<p>Gemeinsam mit unserem Partner B\u00d6LL\u2022TEC Schraubsysteme entwickeln wir f\u00fcr Sie Schraubenzuf\u00fchrungen mit vollautomatischen Zuf\u00fchreinheiten. Diese passen auf alle handels\u00fcblichen Schrauber und sind mit Antrieben jedweder Art kompatibel. In den Drehmomentbereichen von 0,2 Nm bis 50 Nm erstellen wir f\u00fcr Sie wirtschaftliche und zuverl\u00e4ssig arbeitende Systeme, die auf Wunsch auch den Industrie 4.0 Standard erf\u00fcllen.<\/p>\n\n\n\n<figure class=\"wp-block-image size-medium\"><a href=\"https:\/\/www.fassl-dl.com\/wp-content\/uploads\/2023\/12\/Logo-Bo\u2560ell-Tec-Automation-farve.jpg\"><img loading=\"lazy\" decoding=\"async\" width=\"300\" height=\"81\" src=\"https:\/\/www.fassl-dl.com\/wp-content\/uploads\/2023\/12\/Logo-Bo\u2560ell-Tec-Automation-farve-300x81.jpg\" alt=\"\" class=\"wp-image-599\" srcset=\"https:\/\/www.fassl-dl.com\/wp-content\/uploads\/2023\/12\/Logo-Bo\u2560ell-Tec-Automation-farve-300x81.jpg 300w, https:\/\/www.fassl-dl.com\/wp-content\/uploads\/2023\/12\/Logo-Bo\u2560ell-Tec-Automation-farve-1024x277.jpg 1024w, https:\/\/www.fassl-dl.com\/wp-content\/uploads\/2023\/12\/Logo-Bo\u2560ell-Tec-Automation-farve-768x208.jpg 768w, https:\/\/www.fassl-dl.com\/wp-content\/uploads\/2023\/12\/Logo-Bo\u2560ell-Tec-Automation-farve-1536x416.jpg 1536w, https:\/\/www.fassl-dl.com\/wp-content\/uploads\/2023\/12\/Logo-Bo\u2560ell-Tec-Automation-farve-2048x554.jpg 2048w, https:\/\/www.fassl-dl.com\/wp-content\/uploads\/2023\/12\/Logo-Bo\u2560ell-Tec-Automation-farve-660x179.jpg 660w\" sizes=\"auto, (max-width: 300px) 100vw, 300px\" \/><\/a><\/figure>\n\n\n\n<p><strong>Besondere Highlights<\/strong><\/p>\n\n\n\n<ul class=\"wp-block-list\"><li>Zuf\u00fchrungssysteme f\u00fcr Hand und Automatenapplikationen <\/li><li>kleinste und leichteste Automatenapplikation am Markt <\/li><li>Handsysteme mit h\u00f6chster Pr\u00e4zision und \u00dcberwachungsm\u00f6glichkeiten, Industrie 4.0 Ready<\/li><li>Viele Sonderfunktionen schon im Standard integriert<\/li><li>Hohe Wirtschaftlichkeit der Systeme<\/li><li>Hohe Verf\u00fcgbarkeit und Servicefreundlichkeit<\/li><li>Made in Europe<\/li><\/ul>\n\n\n\n<figure class=\"wp-block-gallery aligncenter columns-0 wp-block-gallery-1 is-layout-flex wp-block-gallery-is-layout-flex\"><ul class=\"blocks-gallery-grid\"><li class=\"blocks-gallery-item\"><figure><img loading=\"lazy\" decoding=\"async\" width=\"300\" height=\"189\" src=\"https:\/\/www.fassl-dl.com\/wp-content\/uploads\/2023\/12\/NS1A8255-300x189.jpg\" alt=\"\" data-id=\"601\" data-full-url=\"https:\/\/www.fassl-dl.com\/wp-content\/uploads\/2023\/12\/NS1A8255.jpg\" data-link=\"https:\/\/www.fassl-dl.com\/?attachment_id=601\" class=\"wp-image-601\" srcset=\"https:\/\/www.fassl-dl.com\/wp-content\/uploads\/2023\/12\/NS1A8255-300x189.jpg 300w, https:\/\/www.fassl-dl.com\/wp-content\/uploads\/2023\/12\/NS1A8255-1024x646.jpg 1024w, https:\/\/www.fassl-dl.com\/wp-content\/uploads\/2023\/12\/NS1A8255-768x484.jpg 768w, https:\/\/www.fassl-dl.com\/wp-content\/uploads\/2023\/12\/NS1A8255-660x416.jpg 660w, https:\/\/www.fassl-dl.com\/wp-content\/uploads\/2023\/12\/NS1A8255.jpg 1200w\" sizes=\"auto, (max-width: 300px) 100vw, 300px\" \/><\/figure><\/li><li class=\"blocks-gallery-item\"><figure><img loading=\"lazy\" decoding=\"async\" width=\"300\" height=\"154\" src=\"https:\/\/www.fassl-dl.com\/wp-content\/uploads\/2023\/12\/Comfort-hoved-skygge-300x154.jpg\" alt=\"\" data-id=\"600\" data-full-url=\"https:\/\/www.fassl-dl.com\/wp-content\/uploads\/2023\/12\/Comfort-hoved-skygge-scaled.jpg\" data-link=\"https:\/\/www.fassl-dl.com\/?attachment_id=600\" class=\"wp-image-600\" srcset=\"https:\/\/www.fassl-dl.com\/wp-content\/uploads\/2023\/12\/Comfort-hoved-skygge-300x154.jpg 300w, https:\/\/www.fassl-dl.com\/wp-content\/uploads\/2023\/12\/Comfort-hoved-skygge-1024x526.jpg 1024w, https:\/\/www.fassl-dl.com\/wp-content\/uploads\/2023\/12\/Comfort-hoved-skygge-768x394.jpg 768w, https:\/\/www.fassl-dl.com\/wp-content\/uploads\/2023\/12\/Comfort-hoved-skygge-1536x789.jpg 1536w, https:\/\/www.fassl-dl.com\/wp-content\/uploads\/2023\/12\/Comfort-hoved-skygge-2048x1052.jpg 2048w, https:\/\/www.fassl-dl.com\/wp-content\/uploads\/2023\/12\/Comfort-hoved-skygge-660x339.jpg 660w\" sizes=\"auto, (max-width: 300px) 100vw, 300px\" \/><\/figure><\/li><\/ul><figcaption class=\"blocks-gallery-caption\">Beispielhafte Teleskopschrauber<\/figcaption><\/figure>\n\n\n\n<p><\/p>\n","protected":false},"excerpt":{"rendered":"<p>Gemeinsam mit unserem Partner B\u00d6LL\u2022TEC Schraubsysteme entwickeln wir f\u00fcr Sie Schraubenzuf\u00fchrungen mit vollautomatischen Zuf\u00fchreinheiten. Diese passen auf alle handels\u00fcblichen Schrauber und sind mit Antrieben jedweder Art kompatibel. In den Drehmomentbereichen von 0,2 Nm bis 50 Nm erstellen wir f\u00fcr Sie wirtschaftliche und zuverl\u00e4ssig arbeitende Systeme, die auf Wunsch auch den Industrie 4.0 Standard erf\u00fcllen. Besondere\u2026 <span class=\"read-more\"><a href=\"https:\/\/www.fassl-dl.com\/?page_id=260\">Weiterlesen &raquo;<\/a><\/span><\/p>\n","protected":false},"author":1,"featured_media":0,"parent":0,"menu_order":0,"comment_status":"closed","ping_status":"closed","template":"page-templates\/full-width.php","meta":{"footnotes":""},"class_list":["post-260","page","type-page","status-publish","hentry"],"_links":{"self":[{"href":"https:\/\/www.fassl-dl.com\/index.php?rest_route=\/wp\/v2\/pages\/260","targetHints":{"allow":["GET"]}}],"collection":[{"href":"https:\/\/www.fassl-dl.com\/index.php?rest_route=\/wp\/v2\/pages"}],"about":[{"href":"https:\/\/www.fassl-dl.com\/index.php?rest_route=\/wp\/v2\/types\/page"}],"author":[{"embeddable":true,"href":"https:\/\/www.fassl-dl.com\/index.php?rest_route=\/wp\/v2\/users\/1"}],"replies":[{"embeddable":true,"href":"https:\/\/www.fassl-dl.com\/index.php?rest_route=%2Fwp%2Fv2%2Fcomments&post=260"}],"version-history":[{"count":14,"href":"https:\/\/www.fassl-dl.com\/index.php?rest_route=\/wp\/v2\/pages\/260\/revisions"}],"predecessor-version":[{"id":603,"href":"https:\/\/www.fassl-dl.com\/index.php?rest_route=\/wp\/v2\/pages\/260\/revisions\/603"}],"wp:attachment":[{"href":"https:\/\/www.fassl-dl.com\/index.php?rest_route=%2Fwp%2Fv2%2Fmedia&parent=260"}],"curies":[{"name":"wp","href":"https:\/\/api.w.org\/{rel}","templated":true}]}}